{"id":231,"date":"2017-11-29T16:33:03","date_gmt":"2017-11-29T16:33:03","guid":{"rendered":"http:\/\/machnet.com.pl\/?page_id=231"},"modified":"2017-12-05T09:27:41","modified_gmt":"2017-12-05T09:27:41","slug":"akcesoria","status":"publish","type":"page","link":"http:\/\/machnet.com.pl\/?page_id=231","title":{"rendered":"Akcesoria"},"content":{"rendered":"<p><span style=\"font-family: comic sans ms,sans-serif;\"><strong>Obejmy<\/strong><br \/>\n<\/span><\/p>\n<ul>\n<li><span style=\"font-family: comic sans ms,sans-serif;\">fi42\u00a0 2z\u0142<\/span><\/li>\n<li><span style=\"font-family: comic sans ms,sans-serif;\">fi48\u00a0 2z\u0142<\/span><\/li>\n<li><span style=\"font-family: comic sans ms,sans-serif;\">fi60\u00a0 2,5z\u0142<\/span><\/li>\n<li><span style=\"font-family: comic sans ms,sans-serif;\"><span style=\"font-family: comic sans ms,sans-serif;\">kwadratowe 50\u00d750 3z\u0142, 60\u00d760 3z\u0142, 70\u00d770 4z\u0142,80\u00d780 4,50z\u0142,100\u00d7100 5z\u0142\u00a0\u00a0<\/span><\/span><br \/>\n<table>\n<tbody>\n<tr>\n<td style=\"text-align: right;\"><span><div id=\"metaslider-id-291\" style=\"max-width: 450px;\" class=\"ml-slider-3-27-0 metaslider metaslider-flex metaslider-291 ml-slider\">\n    <div id=\"metaslider_container_291\">\n        <div id=\"metaslider_291\">\n            <ul aria-live=\"polite\" class=\"slides\">\n                <li style=\"display: block; width: 100%;\" class=\"slide-294 ms-image\"><img loading=\"lazy\" decoding=\"async\" src=\"http:\/\/machnet.com.pl\/wp-content\/uploads\/2017\/12\/cropped-logo_machnet_kolor.jpg\" height=\"147\" width=\"450\" alt=\"\" class=\"slider-291 slide-294\" \/><\/li>\n                <li style=\"display: none; width: 100%;\" class=\"slide-295 ms-image\"><img loading=\"lazy\" decoding=\"async\" src=\"http:\/\/machnet.com.pl\/wp-content\/uploads\/2017\/12\/cropped-cropped-logo-machnet.jpg\" height=\"147\" width=\"450\" alt=\"\" class=\"slider-291 slide-295\" \/><\/li>\n            <\/ul>\n        <\/div>\n        \n    <\/div>\n<\/div><\/span><\/td>\n<\/tr>\n<\/tbody>\n<\/table>\n<\/li>\n<\/ul>\n<p><span style=\"font-family: comic sans ms,sans-serif;\"><span><\/span><\/span><span style=\"font-family: comic sans ms,sans-serif;\"><strong>Przelotki<\/strong>\u00a0do drutu plastikowe i metalowe\u00a0 0,5z\u0142\u00a0\u00a0\u00a0\u00a0\u00a0\u00a0\u00a0\u00a0\u00a0\u00a0\u00a0 <\/span><span style=\"font-family: comic sans ms,sans-serif;\"><strong>Napinacze<\/strong>\u00a02,5z\u0142<br \/>\n<\/span><\/p>\n<p><span style=\"font-family: comic sans ms,sans-serif;\"><strong>Daszki Plastikowe \u00a0 \u00a0Daszki Metalowe<\/strong><br \/>\n<\/span><\/p>\n<ul>\n<li><span style=\"font-family: comic sans ms,sans-serif;\">fi42 1z\u0142 \u00a0 \u00a0 \u00a0 \u00a0 \u00a0 \u00a0 \u00a0 \u00a0fi42\/f148\/fi60 1z\u0142<\/span><\/li>\n<li><span style=\"font-family: comic sans ms,sans-serif;\">fi48 1z\u0142 \u00a0 \u00a0 \u00a0 \u00a0 \u00a0 \u00a0 \u00a0 \u00a0 \u00a0 \u00a0f176 1.5z\u0142<\/span><\/li>\n<li><span style=\"font-family: comic sans ms,sans-serif;\">fi60 1,5z\u0142 \u00a0 \u00a0 \u00a0 \u00a0 \u00a0 \u00a0 \u00a0 \u00a0 \u00a050\u00d750 1z\u0142<\/span><\/li>\n<li><span style=\"font-family: comic sans ms,sans-serif;\">fi76 2,5z\u0142 \u00a0 \u00a0 \u00a0 \u00a0 \u00a0 \u00a0 \u00a0 \u00a0 \u00a060\u00d760 1.5z\u0142<\/span><\/li>\n<li><span style=\"font-family: comic sans ms,sans-serif;\">50\u00d750 2z\u0142 \u00a0 \u00a0 \u00a0 \u00a0 \u00a0 \u00a0 \u00a0 \u00a0 \u00a070\u00d770 2.5z\u0142<\/span><\/li>\n<li><span style=\"font-family: comic sans ms,sans-serif;\">60\u00d760 2,5z\u0142 \u00a0 \u00a0 \u00a0 \u00a0 \u00a0 \u00a0 \u00a0 80\u00d780 2.5z\u0142<\/span><\/li>\n<li><span style=\"font-family: comic sans ms,sans-serif;\">70\u00d770 3z\u0142 \u00a0 \u00a0 \u00a0 \u00a0 \u00a0 \u00a0 \u00a0 \u00a0 \u00a0100\u00d7100 3z\u0142<\/span><\/li>\n<li><span style=\"font-family: comic sans ms,sans-serif;\">80\u00d780 4z\u0142<\/span><\/li>\n<li><span style=\"font-family: comic sans ms,sans-serif;\">100\u00d7100 5z\u0142<\/span><\/li>\n<\/ul>\n<p><span style=\"font-family: comic sans ms,sans-serif;\"><strong>Spinki do mocowania<\/strong> p<strong>anela<\/strong> 0,5z\u0142<\/span><\/p>\n<p><strong>Druty pionowe do napr\u0119\u017cania siatki ocynk+kolor <\/strong>1,3m-8z\u0142 ; 1,55m-9z\u0142<\/p>\n<p><strong>Nasadki alu. fi42 i fi48 do \u0142\u0105czenia podpory bez spawania\u00a0<\/strong>-7z\u0142<\/p>\n<p><span style=\"font-family: comic sans ms,sans-serif;\"><strong>Z\u0142\u0105czki chromoniklowe do paneli<\/strong>\u00a01z\u0142 (wypo\u017cyczamy kleszcze do zaciskania przy \u0142\u0105czeniu paneli)<\/span><\/p>\n<p><span style=\"font-family: comic sans ms,sans-serif;\">i inne potrzebne rzeczy do monta\u017cu siatki i paneli\u2026<\/span><\/p>\n","protected":false},"excerpt":{"rendered":"<p>Obejmy fi42\u00a0 2z\u0142 fi48\u00a0 2z\u0142 fi60\u00a0 2,5z\u0142 kwadratowe 50\u00d750 3z\u0142, 60\u00d760 3z\u0142, 70\u00d770 4z\u0142,80\u00d780 4,50z\u0142,100\u00d7100 5z\u0142\u00a0\u00a0 Przelotki\u00a0do drutu plastikowe i metalowe\u00a0 0,5z\u0142\u00a0\u00a0\u00a0\u00a0\u00a0\u00a0\u00a0\u00a0\u00a0\u00a0\u00a0 Napinacze\u00a02,5z\u0142 Daszki Plastikowe \u00a0 \u00a0Daszki Metalowe fi42 1z\u0142 \u00a0 \u00a0 \u00a0 \u00a0 \u00a0<a class=\"moretag\" href=\"http:\/\/machnet.com.pl\/?page_id=231\"> Czytaj wi\u0119cej&hellip;<\/a><\/p>\n","protected":false},"author":1,"featured_media":0,"parent":0,"menu_order":6,"comment_status":"closed","ping_status":"closed","template":"page-templates\/template-fullwidth.php","meta":{"footnotes":""},"class_list":["post-231","page","type-page","status-publish","hentry"],"_links":{"self":[{"href":"http:\/\/machnet.com.pl\/index.php?rest_route=\/wp\/v2\/pages\/231","targetHints":{"allow":["GET"]}}],"collection":[{"href":"http:\/\/machnet.com.pl\/index.php?rest_route=\/wp\/v2\/pages"}],"about":[{"href":"http:\/\/machnet.com.pl\/index.php?rest_route=\/wp\/v2\/types\/page"}],"author":[{"embeddable":true,"href":"http:\/\/machnet.com.pl\/index.php?rest_route=\/wp\/v2\/users\/1"}],"replies":[{"embeddable":true,"href":"http:\/\/machnet.com.pl\/index.php?rest_route=%2Fwp%2Fv2%2Fcomments&post=231"}],"version-history":[{"count":23,"href":"http:\/\/machnet.com.pl\/index.php?rest_route=\/wp\/v2\/pages\/231\/revisions"}],"predecessor-version":[{"id":423,"href":"http:\/\/machnet.com.pl\/index.php?rest_route=\/wp\/v2\/pages\/231\/revisions\/423"}],"wp:attachment":[{"href":"http:\/\/machnet.com.pl\/index.php?rest_route=%2Fwp%2Fv2%2Fmedia&parent=231"}],"curies":[{"name":"wp","href":"https:\/\/api.w.org\/{rel}","templated":true}]}}